f(p) = p**3 + 3*p**2 - 2*p + 238. Let s(w) = 2*f(w) - 3*r(w). Let y be s(0). Let v = 342 + y. What are the prime factors of v?
101
Let l(o) = -o**3 - 27*o**2 + 46*o + 113. Let a be l(-29). Let i = -189 + a. What are the prime factors of i?
2, 17
Let y = -7870 + 11292. List the prime factors of y.
2, 29, 59
Let g = -368 - -571. Let x = g + 103. List the prime factors of x.
2, 3, 17
Suppose -5070*m = -5051*m - 256310. What are the prime factors of m?
2, 5, 19, 71
Let b(l) = 108*l - 5. Let k be b(1). Let j = 146 - k. List the prime factors of j.
43
Let o(t) = 19*t**2 + 2. Let p be 1054/(-16) + (-14)/112. Let h = 67 + p. List the prime factors of o(h).
3, 7
Suppose -q + 2*t - 1 = -3, 0 = -2*t. Suppose 2*c - j - 1 + 2 = 0, 2*c = q*j - 4. What are the prime factors of ((-152)/12)/(c/(-6))?
2, 19
Let x(c) = 800*c - 105. What are the prime factors of x(4)?
5, 619
Let u = 54 + -53. Let f be u*3/(-9)*(1 - 1). Suppose 372 = -f*o + 6*o. What are the prime factors of o?
2, 31
Suppose 14*q + 7*q - 463280 = 496819. List the prime factors of q.
131, 349
Let i(f) = -f**3 + 28*f**2 + 81*f - 29. Let w be i(30). List the prime factors of (-16)/(-4) + w - (-3 - -1).
607
Let v be 10/(-15) + 51/9 - 3. Let f(k) = -3*k - k + k**3 + 0*k + 2*k**2 + 4 + 4*k**3. What are the prime factors of f(v)?
2, 11
Let f = -108 + 108. Suppose 3*x + 1158 = 3*q, f*x - 5*x + 1198 = 3*q. List the prime factors of q.
17, 23
Let l = 679 + 1214. Let n = -707 + l. What are the prime factors of n?
2, 593
Let i be 74/(-26) + 3 - 705/(-65). Let f be (-9)/6 + 1 - i/(-2). Suppose f*v + 9 = 124. List the prime factors of v.
23
Suppose 0 = 2*m - 6*m + 24. Let i(f) = f**3 - 8*f**2 + 2*f + 1. Let r be i(m). List the prime factors of 2/(8/r)*(-18 - -6).
3, 59
Let c = -20282 + 36662. What are the prime factors of c?
2, 3, 5, 7, 13
Suppose -516*y = -517*y + 4413. What are the prime factors of y?
3, 1471
Suppose -5137*c + 5106*c = -613087. List the prime factors of c.
19777
Suppose 37*v = -13*v + 350. Let u be 1 - 3 - (-227 - 3). Suppose u = v*f - 5*f. What are the prime factors of f?
2, 3, 19
Suppose 352258 = 23*h - 99899. List the prime factors of h.
3, 6553
Let h(w) = 6*w**2 + 38*w + 79. What are the prime factors of h(26)?
47, 109
Let o = -77 + 64. Let g(f) = -f**2 - 12*f + 18. Let t be g(o). Suppose 5*y - t*v - 490 = 0, -4*y + 4*v = 2*v - 398. List the prime factors of y.
101
Let c = -434 + 433. What are the prime factors of 661*((0 - -2)*c)/(-2)?
661
Suppose 5*w = 5*y + 46400 + 62555, -65403 = -3*w - 3*y. List the prime factors of w.
2, 5449
Let m = 437 - 412. Suppose w - m*q = -23*q + 686, 3*q = w - 681. List the prime factors of w.
2, 3, 29
What are the prime factors of (4 + -5)/(6*(-5)/42450)?
5, 283
Suppose -3*y = 4*m + 103704, 2*y + 51866 = -2*m + 4*y. What are the prime factors of 5/(-30) - m/54?
2, 3, 5
Let d = 106753 - 71681. What are the prime factors of d?
2, 137
Let h(u) = 5873*u**2 + 68*u - 223. What are the prime factors of h(3)?
2, 29, 911
Let i = -1881 + 6515. Suppose 1519 - i = -35*b. List the prime factors of b.
89
Let s = 729 + -727. Suppose s*x - 20*r + 19*r = 3898, x = 2*r + 1955. List the prime factors of x.
3, 11, 59
Let k be 4746/24 - (-12)/(-16). Suppose p = -2*s + 438, -5*s + 6*s - 5*p = k. What are the prime factors of s?
7, 31
Let o be (20/2)/5 - (-1 - 37). Suppose -555 = -o*k + 35*k. What are the prime factors of k?
3, 37
Suppose -25 = -7*j + 24. Suppose -4*z - g = -0*g - j, 0 = -3*z - 4*g - 11. Suppose -t + 105 = 3*s, -5*s - 8 = -z*s. What are the prime factors of t?
3, 13
Let c = 132 + -130. Let i be (-1)/c + 3386/4 + 0. Suppose -3*m - 108 = -i. What are the prime factors of m?
2, 3, 41
Let x be (-184)/(-14) + 4/(-28). Let n be 2 + x/(-6) + 1/6. Suppose -l - 395 = -5*l + 5*t, n = -4*l + t + 383. List the prime factors of l.
5, 19
Let f = 58 - 50. Suppose 9*v = f + 10. List the prime factors of (-9)/((-3)/(18*v)).
2, 3
Let h = 39292 + -25608. What are the prime factors of h?
2, 11, 311
Suppose 5*a + 4*x = 19602, -5*x = 8*a - 7*a - 3912. List the prime factors of a.
2, 37, 53
Let n = -157 + 244. Let c be 775/310*(-2 - 28/(-10)). Suppose -c*b = -57 - n. What are the prime factors of b?
2, 3
Suppose 3*z - 13 = -d - z, 0 = d + 3*z - 17. Suppose -d*a = -33*a + 1312. Suppose -7*p + 1 + a = 0. What are the prime factors of p?
47
Suppose q - 74862 + 72999 = 0. List the prime factors of q.
3, 23
Let p(w) = w + 4. Let o be p(-9). Let f be (6/o)/(4/50). Let a(s) = -s**3 - 16*s**2 - 24*s - 36. List the prime factors of a(f).
3, 11
List the prime factors of 36/(-45)*6/(24/(-248945)).
49789
Suppose -3*c + 5*z - 620 = 0, -2*c - 3*z - 34 = 354. Let g(l) = -23*l + 291. Let k be g(-4). Let o = k + c. What are the prime factors of o?
3, 61
Suppose -2*c + 7*s = 3*s + 6, 2*s + 33 = -3*c. List the prime factors of 3/9 - 15/c - -397.
3, 7, 19
Let u(y) = -y**2 + 14*y - 8. Let n be u(3). Suppose -n*j + 3*j + 11044 = 0. What are the prime factors of j?
2, 251
Let t(v) = 138*v**2 + 14*v - 31. List the prime factors of t(5).
3, 1163
Let h(s) = s**2 - 17*s + 45. Let w(z) be the first derivative of -z**4/4 - 19*z**3/3 - 17*z**2/2 + 32*z - 8. Let t be w(-18). List the prime factors of h(t).
3
Suppose -15*q + 81 = 606. Let p = q - -34. What are the prime factors of (125 + 2)*(0 - p)?
127
Suppose -v - 75476 = -4*v + 41383. List the prime factors of v.
38953
Suppose 11*k = 42 - 141. List the prime factors of 2 + 2 + 187 + k/3.
2, 47
Let l(q) = -2*q**3 + 23*q**2 - 59*q - 217. List the prime factors of l(-15).
7, 257
Let l(k) = 780*k + 4212. List the prime factors of l(14).
2, 3, 13, 97
Suppose 3*c - 74 + 686 = 0. List the prime factors of (0 - (-5 + c))/(-1 + 2).
11, 19
List the prime factors of 68/11 - 6 - (-20601)/11.
1873
Let p = -3038 + 5442. Suppose q = -4*z + 1139, 4*z - 2176 - p = -4*q. List the prime factors of q.
31, 37
Suppose 106*a - 58*a = 36*a + 178776. List the prime factors of a.
2, 3, 13, 191
Suppose 0 = 4*y + 2*x + 472, x + 20 = -4*x. Let v = 646 + y. What are the prime factors of v?
2, 5, 53
Let q(o) = 9983*o**2 - 305*o - 304. What are the prime factors of q(-1)?
2, 3, 13
Suppose -4*y + 24 = -l, -2*l + 2*y = 4*y + 8. Let k(p) = 21*p + 34. Let j be k(l). Let v = j - -213. List the prime factors of v.
79
Let c be -501 + -3 + (-3 - 3). Let v = -94 - c. What are the prime factors of v?
2, 13
Let v(o) = -2*o**3 - 8*o**2 + 3*o + 9. Let y(n) = n - 3. Let f be y(-3). List the prime factors of v(f).
3, 5
Suppose -14*o = -17*o + 9, -r - 303 = -3*o. Let x = 532 + r. What are the prime factors of x?
2, 7, 17
Let a be (25/4)/((-11)/(-396)). Suppose -a = -3*x + 45. Suppose -123 = -2*f + 3*g + 47, 0 = -f - g + x. What are the prime factors of f?
2, 11
Let v = 17548 + -9614. List the prime factors of v.
2, 3967
Let k be (84/(-9) - -2)/((-4)/576). Suppose 0 = 4*o - k + 272. Suppose 16*w - 18*w + o = 0. What are the prime factors of w?
2, 7
Let g(s) = 3*s**3 + 6*s**2 - 2*s + 209. Let d(u) = -10*u**3 - 20*u**2 + 7*u - 628. Let t(w) = 2*d(w) + 7*g(w). List the prime factors of t(0).
3, 23
Let t(p) = -1006*p - 190. List the prime factors of t(-5).
2, 5, 11
Let w(b) = 2*b**3 - 39*b**2 - 108*b - 36. Let t be w(22). Let a = -1 - -25. Suppose 4*z - 12 = -i, a = i - z - t. List the prime factors of i.
2, 7
Let y = -13 - 995. Let s = -226 - y. List the prime factors of s.
2, 17, 23
Let m = 8 - 5. Suppose -m*i = 6 - 9. List the prime factors of 3/i + (31 - 4).
2, 3, 5
Suppose -2*i + 88536 + 147823 = 3*b, 0 = -3*b - 5*i + 236338. What are the prime factors of b?
78791
Let z be (-3 - -3)*2/(-6). Let y be 1/(3/1374 - z). Suppose 5*a + 2*h = y, 1 = 3*h + 4. What are the prime factors of a?
2, 23
Suppose 13*y - 90107 - 182750 = 0. What are the prime factors of y?
139, 151
Suppose 5*u + 3*c + 107 - 568 = 0, 182 = 2*u + 2*c. Let b = u - 90. List the prime factors of ((-271)/b)/(36/(-144)).
271
Let p be -44*(-15)/(-18) + 38/57. What are the prime factors of 21160/26 + p/(-234)?
2, 11, 37
Let w be ((-2527)/(-21) + 2)/((-2)/12). Let q = 2519 + w. List the prime factors of q.
3, 5, 7, 17
Let t(w) = -w - 1. Let v be 2/4*((-2 - 5) + 1). Let d be t(v). Suppose 0 = -d*p + 325 - 75. List the prime factors of p.
5
Suppose -j + 2*v + 127 = 4*j, -4*j + 124 = 4*v. Suppose 5*o - 6*l + 5 = -3*l, -o = 5*l - j. Suppose -o*q = q - 22